ose 5*x + 2*b = d, 5*x + 2*b - b = 564. Is x prime?
True
Suppose -3 = -v, -2*v - 118 = 2*f + 2*f. Let l = f - -24. Let o(s) = -2*s**3 - 6*s**2 - 3*s - 6. Is o(l) a prime number?
False
Let t(a) = -a**3 - 26*a**2 - a - 35. Let r be t(-26). Is (-6)/r*(-27738)/(-12) composite?
True
Suppose 0 = -2*b - 12 + 4, 0 = -k - b + 28482. Is k a composite number?
True
Let v(c) = 24*c - 46. Let j(m) = 13*m - 23. Let a(n) = 5*j(n) - 2*v(n). Let l be 0 - (-6)/(-1)*-1. Is a(l) composite?
False
Suppose 53 = -4*k + 5*g, 5*k + 49 = 3*g - 1. Let c = 10 + k. Is (c + -4)/(-1) - -256 a prime number?
True
Let c(r) = -r - 20. Let q be c(-14). Let k(y) = -16*y + 17. Is k(q) prime?
True
Suppose 6*s = 4*u + 8*s - 8798, 5*u + 3*s = 10996. Is u a prime number?
False
Let r = 10 + 0. Let b be 60/r*2/4. Is (-2)/b*3990/(-20) prime?
False
Let c(v) = -2*v**3 - 8*v**2 - 17. Suppose 3 = -w - 3. Is c(w) a composite number?
False
Let g = 992 + -44. Let y = -121 - -122. Is g/4 + -1 - y prime?
False
Let i(k) = 205*k - 4. Suppose 9*z - 3*z = 6. Is i(z) prime?
False
Suppose -26 = -8*o - 2. Suppose 5*x - 474 = o*x. Is x a prime number?
False
Suppose 2*p + 4 = -7*v + 2*v, -16 = 4*v. Let u be (-1 - -1)/(-4 - -2). Suppose u = 2*h - 22 + p. Is h composite?
False
Let k be (-21)/9*(-6)/2. Is 40/140 - (-1237)/k a prime number?
False
Suppose 6*j - 11*j = -4*g - 3826, j = 4*g + 762. Suppose -j = -3*v - 2*f + 669, 0 = -2*f - 8. Is v composite?
True
Suppose 0 = x + 2*s - 1369, -3*x - s - 6845 = -8*x. Is x prime?
False
Let m(r) = 6*r**3 + r**2. Let q be m(1). Suppose -q*z = -3*z - 316. Suppose -z = -2*v + v. Is v a prime number?
True
Suppose 0 = -2*v + 3*v - s + 302, -4*s = -2*v - 614. Let b(g) = -90*g + 2. Let o be b(2). Let d = o - v. Is d prime?
False
Is ((-13)/(-26))/(2/892) prime?
True
Let f = 11 - 23. Let n = f - -11. Is 331*(n - 2/(-1)) composite?
False
Is 669 - (39/(-117))/(1/12) a composite number?
False
Let o = 8 - 5. Let v(r) = 57*r - 13. Let t be v(o). Suppose 0 = -0*z + 2*z - t. Is z composite?
False
Suppose -5*x + 20 = 2*r - 0, -3*x = -2*r + 4. Suppose -1006 = x*h + 310. Let u = -423 - h. Is u composite?
True
Suppose 4*d - h - 35720 = 0, 4*h = 63*d - 66*d + 26771. Is d composite?
False
Let p(c) be the first derivative of -c**2/2 + 13*c - 3. Let r be p(9). Let d = 19 - r. Is d a prime number?
False
Is (5113 - 70/10) + -1 a composite number?
True
Let q(g) = -g**3 + 7*g**2 + 3. Let m be q(7). Suppose 2*w + m*w - 185 = 0. Is w a prime number?
True
Suppose 5*r = 1 + 19. Suppose 0 = -r*s + 9*s - 4835. Is s a prime number?
True
Suppose -2*x = 4*j - 5*j, 0 = 2*j - 2*x + 2. Let y = j - -7. Suppose 2*c - 31 = -3*b, y*b = -5*c + 46 + 4. Is b a composite number?
False
Suppose 0 = -a + 4*a - 12. Suppose 2*f - 1 = -a*n - 3, -f + n = -2. Is (-4972)/(-10) + f/(-5) prime?
False
Suppose 0 = 2*x + 5*i - 10383, -5*x - 4*i = -7*i - 25942. Is x composite?
False
Let z(y) = -y**2 - 11*y - 10. Let m be z(-9). Let r = m - 11. Is (4 + -5)*(-182 - r) a composite number?
False
Let o = -646 - -911. Suppose -j = 1, 3*v - 2*j + 21 + o = 0. Let w = -61 - v. Is w a composite number?
True
Let f = 16 - 16. Suppose 2*t + 3*k - 567 = 335, f = -2*k + 8. Is t a composite number?
True
Is 13*323 - ((-11 - -2) + 7) a composite number?
False
Let b = 25 + -5. Suppose -3*x + 6 = -3*m + 3, 2*x + 4*m - b = 0. Let q(g) = g**2 + 4*g + 1. Is q(x) prime?
False
Let g be 4/10 - 2/5. Suppose g*p = 2*w + p - 4908, 4*w = -5*p + 9822. Is w a prime number?
False
Let y = -40749 + 71176. Is y a composite number?
False
Suppose 5 = -5*u + 2*k - 14, 0 = -3*u + k - 12. Let n(v) = -14*v**3 - 3*v**2 + 6*v - 12. Is n(u) composite?
True
Is (156704 + -5)/(-9)*-1 prime?
False
Let v(i) = 25*i**2 + 3*i + 5. Suppose -2*z + 0*z - 24 = g, -4*z + 16 = 0. Let w = 29 + g. Is v(w) a prime number?
False
Let n(m) = -2*m**2 + 29*m - 32. Let f be n(19). Let q be (-244)/(-1 + (-1)/(-3)). Let o = q + f. Is o a composite number?
False
Suppose 0 = 4*i - 39251 - 41361. Is i a prime number?
False
Let n be 16*(3 + ((-9)/2 - -2)). Suppose -3*c - q - 296 = -n*c, 5*c = 4*q + 299. Is c composite?
False
Let t = 11 - 8. Let r(s) = s**2 - s - 6. Let l be r(t). Suppose 316 = -l*p + 4*p. Is p composite?
False
Suppose -3 = -4*v + 5. Suppose 6 = 4*a - 6, v*a - 30 = -4*j. Suppose -j*b + 3297 = -9. Is b a prime number?
False
Let p(n) be the second derivative of n**5/60 - n**4/12 + n**3/2 + 4*n. Let r(s) be the second derivative of p(s). Is r(2) a composite number?
False
Let b = 374 + -678. Suppose 0 = 5*z + z + 4170. Let u = b - z. Is u prime?
False
Let z(v) = -4*v**3 + 3*v**2 + 8. Let j(x) = -7*x**3 + 5*x**2 + 15. Let i(m) = -3*j(m) + 5*z(m). Is i(6) prime?
True
Suppose m + m - 4*q = 24, 0 = 5*q + 20. Suppose -2*r + 2*j + 2*j = -674, -m*r = 5*j - 1309. Is r a prime number?
True
Suppose -5*u = 2*p - 31, 4*p = -2*u - 19 + 89. Suppose 0 = 14*q - p*q + 3908. Is q a prime number?
True
Let x(c) be the third derivative of 7*c**5/6 - c**3/6 + 15*c**2. Is x(3) composite?
True
Suppose -5 = 3*n + 10, 0 = -4*b - 3*n + 2841. Suppose -4*w - 3*o + b = 0, -o + 284 = 2*w - 72. Is w a prime number?
False
Is ((-998435)/15)/((18/(-27))/2) composite?
False
Suppose -2*g = -0 - 2. Let r be (3 + -1 - g)*-2. Let a = 25 + r. Is a composite?
False
Let o(b) = 4*b**2 + b + 9. Let u be 2/4 - 94/(-4). Suppose -4*y + u = 2*y. Is o(y) composite?
True
Suppose 0 = 3*v + 4*u + 259, 4*u + 340 = 2*v - 6*v. Let n(c) = 16*c - 2. Let q be n(-7). Let t = v - q. Is t a prime number?
False
Let d = 4588 + -1641. Let i = -894 + d. Is i a prime number?
True
Suppose -5*a - 5*s = -3*a - 84326, 3*a = 4*s + 126443. Is a composite?
True
Suppose g = -c + 5366, -c - 16098 = -3*g - 2*c. Let r = 7515 - g. Is r a composite number?
True
Let q(n) = 3*n + 3. Let b be q(-1). Suppose b = 4*o + 216 - 1156. Is o a prime number?
False
Let l = -50 + 52. Let i(a) = 544*a - 1. Is i(l) a composite number?
False
Let x be 1/(28/(-10) - -3). Suppose x*g - 8 = 7. Suppose -g*i = -119 - 208. Is i a prime number?
True
Suppose 0 = j - 3*j - 4, 5*v = -5*j + 6565. Let o = v - 896. Is o composite?
False
Let i(m) = 14*m + 13. Let n be i(3). Suppose 2*y + n = 549. Is y a composite number?
True
Let r(o) = -o**3 - 2*o**2 + o - 6. Suppose 2 = q - 2*i, 7*q - 3*i + 12 = 3*q. Let v be r(q). Suppose -400 + v = -4*l. Is l a prime number?
True
Suppose 4*v = -3*a + 16657 + 5496, 0 = 2*v + 4*a - 11074. Is v a composite number?
True
Is 36681/12*(3 + 5) a prime number?
False
Suppose -5*w = -2*q - 2*w + 20876, -q + 2*w + 10437 = 0. Is q prime?
False
Let x(p) = 24*p**2 + 8*p + 5. Suppose 5*d - 4*h + 30 = 0, -2*d + 0 - 12 = -4*h. Is x(d) prime?
True
Let o = 1156 + -1662. Let i = o + 985. Is i a prime number?
True
Let k = -11 - -14. Let g be (3/1 - k) + 10. Suppose -p + 24 = -g. Is p a composite number?
True
Let f be -1*2/2*(3 - 6). Suppose -9*w = -f*l - 4*w + 7800, -7803 = -3*l + 4*w. Is l prime?
False
Suppose 4*x + 7 + 5 = 0. Let s be x/9 - (-75)/9. Is ((-166)/s)/((-2)/8) a composite number?
False
Suppose -16798 + 306518 = 40*h. Is h composite?
False
Let k = -47 - -88. Suppose -3*y = 145 + k. Let q = 273 + y. Is q a prime number?
True
Suppose 0 = -5*r - t + 428960, 18*r - 85813 = 17*r + 4*t. Is r prime?
True
Let m = -24 - -24. Suppose -5*t + m*t - 50 = 0. Let c(f) = -98*f - 13. Is c(t) composite?
False
Let u = 32 - 25. Suppose -u*b = 2*b. Suppose b*g - 6*g = -1146. Is g composite?
False
Let v be ((-4)/10)/((-4)/20). Is (-6 - -43) + 0/v composite?
False
Let y(c) = c + 1. Let x be y(-1). Suppose -k - 4*g + 34 = 0, -4*k - k = -g - 254. Suppose x*i + 5*i = k. Is i prime?
False
Let d(v) = 5*v**3 + 3*v**2 + 20 - 19 - 7*v**3 + 3*v - 7*v**3. Suppose 0 = 3*w - 6*w - 6. Is d(w) prime?
True
Suppose 5 = o + 13. Let i be (-142)/(-4) + (-12)/o. Let a = 194 - i. Is a a prime number?
True
Let v(q) = -2*q**3 - 2*q**2 + 11*q + 9. Let x(h) = 6*h - 2*h**2 - 4*h**3 + 5 + 3*h**3 + 2*h**2 - h**2. Let s(f) = 6*v(f) - 11*x(f). Is s(-2) a prime number?
True
Suppose 3*q = -4*z + 19, -3*q + 7*q - 16 = -3*z. Is 1/((-1176)/(-1174) - q) a prime number?
True
Suppose 0 = -5*h + h + 2528. Is -1 + 0 - -1*h prime?
True
Suppose -3*o + 6*o = 9. Is (-5847)/(-9)*o + 0 prime?
True
Let n(r) = 549*r**3 + 2*r**2 - 2*r + 1. Let w be n(1). Suppose 5*z + 5 = 4*g, -4*g + 21 = 3*z - 8. Suppose -120 = g*p - w. Is p a prime numbe